= -v**2 + 11*v + 40. What is m(14)?
-2
Let b(g) = g**3 - 225*g - 3. Determine b(15).
-3
Let l(r) = -r**2 - 12*r + 14. Calculate l(-13).
1
Let w(l) = -l**3 + 9*l**2 - 8*l - 6. Give w(8).
-6
Let a(v) = -v**3 + 10*v**2 - 11*v - 2. Determine a(9).
-20
Let k(l) = -l**2 + 11*l - 1. What is k(10)?
9
Let w(g) = -g**2 + 13*g. Give w(12).
12
Let f(x) = x**2 + 13*x + 40. Determine f(-5).
0
Let t(u) = -u**2 + 11*u - 1. Give t(11).
-1
Let x(i) = -i. Determine x(5).
-5
Let c(b) = -5*b**2 - 4*b + 7. What is c(2)?
-21
Let j(d) = d**2 + 21*d. What is j(-21)?
0
Let q(b) = -10*b + 57. Determine q(5).
7
Let b(w) = -w**3 - 8*w**2 + 2*w - 3. Determine b(-8).
-19
Let i(n) = n**2 + n - 13. Give i(0).
-13
Let p(z) = z**3 - 18*z**2 + 7. Calculate p(18).
7
Let n(i) = -i**2 + 11*i - 10. Calculate n(7).
18
Let j(l) = 2*l - 7. Determine j(-8).
-23
Let c(q) = q**3 - 5*q**2 + 4*q + 1. Give c(3).
-5
Let c(f) = f**3 + 4*f**2 - 7*f - 16. Determine c(-5).
-6
Let f(g) = 2*g**3 - 47*g**2 + 21*g - 31. What is f(23)?
-77
Let k(g) = -g + 10. Determine k(7).
3
Let t(a) = a**3 + 5*a**2 + a - 9. Give t(-3).
6
Let a(t) = -6*t + 162. Calculate a(28).
-6
Let i(g) = -12*g - 28. Calculate i(7).
-112
Let t(j) = 4*j - 12. Calculate t(4).
4
Let v(c) = c**2 + 3. Give v(3).
12
Let y(j) = -2*j**2 - 24*j - 69. Give y(-8).
-5
Let o(v) = v**3 + 4*v**2 + v - 7. Determine o(-3).
-1
Let n(k) = -k**3 + 9*k**2 - 9*k - 4. What is n(8)?
-12
Let n(w) = -2*w**2 - 4*w + 32. Determine n(-5).
2
Let o(v) = -3*v + 17. Calculate o(9).
-10
Let w(x) = -2*x**2 + 17*x - 22. Determine w(7).
-1
Let m(y) = y**3 + 9*y**2 - 4*y + 76. What is m(-10)?
16
Let r(b) = -b**3 + 6*b**2 + 6*b + 7. Calculate r(7).
0
Let w(z) = -z**3 - 4*z**2 - 10*z + 8. Calculate w(-6).
140
Let w(l) = l**2 - 17*l - 81. What is w(22)?
29
Let v(p) = 22*p**2 + 2*p - 1. Give v(1).
23
Let x(r) = 4*r**2 + 13*r + 5. Give x(-3).
2
Let i(q) = 40*q - 5. Give i(4).
155
Let a(t) = 4*t - 2. Determine a(8).
30
Let z(m) = -4*m**3 - m**2 + 1. Calculate z(1).
-4
Let f(s) = -20*s + 188. Give f(10).
-12
Let y(h) = 2*h**2 + 8*h - 26. Give y(-6).
-2
Let b(t) = -4*t + 3. Give b(4).
-13
Let p(r) = -5*r - 2. Determine p(0).
-2
Let n(h) = 3*h**3 + 27*h**2 - 1. Determine n(-9).
-1
Let f(c) = -7*c + 54. Give f(8).
-2
Let m(y) = 6*y**2 - 11*y - 40. What is m(-3)?
47
Let g(n) = -12*n + 5. What is g(2)?
-19
Let z(q) = q**3 + 22*q**2 + 41*q + 22. Calculate z(-20).
2
Let g(u) = -u**3 - 6*u**2 + 3. Calculate g(-4).
-29
Let v(g) = -24*g**2 + 6*g + 6. Give v(-1).
-24
Let u(s) = 2*s - 31. Calculate u(-1).
-33
Let r(s) = -2*s - 8. Calculate r(-2).
-4
Let d(m) = 3*m**2 - m - 1. Determine d(2).
9
Let b(m) = m**3 - 3*m**2 - m - 35. Determine b(5).
10
Let m(h) = -h**2 + 16*h + 87. What is m(20)?
7
Let z(f) = -f**3 - 18*f**2 + 39*f - 27. What is z(-20)?
-7
Let m(b) = 4*b**2 + 3*b - 4. Determine m(0).
-4
Let z(r) = r**2 + 57*r + 385. Determine z(-49).
-7
Let b(k) = -34*k - 233. Give b(-7).
5
Let g(c) = -10*c + 115. Determine g(11).
5
Let i(w) = w + 13. Calculate i(-12).
1
Let d(w) = w**2 - 2*w - 11. Calculate d(-3).
4
Let a(x) = -x**3 + 15*x**2 + 17*x + 289. Give a(17).
0
Let j(f) = -f**3 - 6*f**2 - 4*f + 8. Determine j(-3).
-7
Let v(j) = -3*j + 24. Determine v(14).
-18
Let l(t) = t - 17. Determine l(10).
-7
Let x(y) = -4*y + 2. Determine x(2).
-6
Let z(p) = -3*p + 18. What is z(-4)?
30
Let g(f) = -3*f + 59. Give g(21).
-4
Let m(t) = -4*t + 6. What is m(-7)?
34
Let a(d) = -2*d**2 + 1. Determine a(-1).
-1
Let x(j) = -8*j**2 + 58*j + 5. Calculate x(6).
65
Let f(a) = -3*a. What is f(-2)?
6
Let g(p) = -29*p - 6. Calculate g(2).
-64
Let v(m) = -4*m**2. Determine v(3).
-36
Let z(q) = -q**3 - 12*q**2 - 19*q - 12. Determine z(-10).
-22
Let r(n) = 2*n + 4. Calculate r(-7).
-10
Let y(l) = -18*l + 46. Give y(3).
-8
Let h(m) = m**3 - 2*m + 4. Determine h(0).
4
Let l(n) = n**3 + 36*n**2 - 38*n - 45. Calculate l(-37).
-8
Let x(z) = 2*z - 5. What is x(4)?
3
Let n(s) = -s**2 + 5*s - 1. What is n(5)?
-1
Let u(m) = 17*m**2 - 5*m - 1. Calculate u(2).
57
Let y(d) = d**3 - 11*d**2 - 11*d - 7. Determine y(12).
5
Let i(s) = -3*s**2 - 7*s - 9. Calculate i(-3).
-15
Let y(o) = 3*o**3 + 2*o**2 - 1. Give y(-1).
-2
Let f(t) = 14*t - 186. Calculate f(14).
10
Let m(s) = -s**2 - 11*s + 14. Calculate m(-12).
2
Let g(i) = i**2 + 9*i + 14. Give g(-9).
14
Let m(f) = -f**3 + 16*f**2 + 2*f + 17. Calculate m(16).
49
Let l(r) = -r**3 + 4*r**2 - 3*r. Give l(5).
-40
Let f(u) = 2*u + 19. Calculate f(-9).
1
Let a(p) = p**2 + 15*p + 31. Calculate a(-14).
17
Let y(d) = 7*d**2 - 21*d + 18. What is y(2)?
4
Let v(o) = o**3 - 11*o**2 + 24*o + 5. Give v(8).
5
Let s(g) = -8*g - 18. Calculate s(-7).
38
Let h(y) = -y**3 + 54*y**2 - 55*y + 121. What is h(53)?
15
Let m(q) = -q**3 + 10*q**2 - 7*q + 1. Determine m(9).
19
Let b(k) = k**3 - 9*k**2 - 46*k + 269. Determine b(11).
5
Let k(g) = g**2 - 4*g - 1. What is k(6)?
11
Let f(w) = 6*w - 47. What is f(10)?
13
Let v(q) = -q**3 - 9*q**2 + 15*q + 18. Calculate v(-10).
-32
Let v(j) = -3*j**3 - 27*j**2 + 5*j + 13. Calculate v(-9).
-32
Let a(l) = l**2 - 7*l + 1. Determine a(4).
-11
Let d(i) = i**3 + 16*i**2 - 84*i - 71. Give d(-20).
9
Let w(a) = a**2 - 6*a + 7. Determine w(6).
7
Let i(f) = -f**3 - 2*f**2 - 4*f - 2. What is i(-3)?
19
Let y(r) = -r**3 - 4*r**2 - 5*r - 7. Give y(-3).
-1
Let x(l) = -l**3 + 4*l**2 + 16*l - 47. Give x(6).
-23
Let j(n) = -14*n + 9. Calculate j(-3).
51
Let c(y) = -y**2 - 24*y + 645. Determine c(16).
5
Let y(w) = -26*w - 507. What is y(-20)?
13
Let g(c) = -c**3 + 11*c**2 - 11*c + 3. What is g(10)?
-7
Let p(m) = m**3 - 5*m**2 - 5*m + 22. Determine p(5).
-3
Let s(z) = -6*z + 19. Determine s(3).
1
Let v(z) = z - 42. Calculate v(22).
-20
Let u(z) = z. What is u(1)?
1
Let f(l) = -l - 66. Determine f(-21).
-45
Let x(o) = 7*o**3 - 36*o**2 + o + 16. Calculate x(5).
-4
Let l(n) = -n**3 + 5*n**2 + 7*n + 3. Calculate l(6).
9
Let m(h) = -h**3 + h**2 + 3*h - 7. What is m(0)?
-7
Let a(b) = b**3 + 8*b**2 - b - 2. Determine a(-8).
6
Let x(p) = p**2 + 9*p - 15. Calculate x(-11).
7
Let v(h) = h**3 + 3*h**2 + 2*h - 4. Give v(1).
2
Let b(p) = -2*p**2 + 8*p - 25. What is b(4)?
-25
Let o(c) = -c**2 - 23*c - 17. What is o(-16)?
95
Let m(u) = -15*u. Give m(-2).
30
Let j(r) = -r**2 + 16*r - 1. What is j(16)?
-1
Let g(d) = 2*d**3 + 5*d**2 + 6*d + 1. Give g(-1).
-2
Let t(f) = -f**3 + 7*f**2 - 6. What is t(7)?
-6
Let y(h) = h**3 - 13*h**2 - 15*h - 4. Calculate y(14).
-18
Let z(g) = 5*g**2 + 16*g + 32. Calculate z(-2).
20
Let v(p) = p**3 + 2. What is v(2)?
10
Let o(q) = -q**3 - 16*q**2 + 3. Determine o(-16).
3
Let w(h) = -h**3 - 3*h**2 + 3*h - 12. Give w(0).
-12
Let s(x) = -x**3 + 10*x**2 - 10*x + 105. Calculate s(10).
5
Let l(o) = o**2 + 11*o - 10. Calculate l(-11).
-10
Let a(f) = f**3 + 7*f**2 + 4*f - 5. Give a(-4).
27
Let a(o) = o**2 - o + 10. What is a(0)?
10
Let n(c) = 6*c - 104. Determine n(9).
-50
Let i(f) = f**3 - 29*f**2 + 26*f + 38. Give i(28).
-18
Let w(s) = -s**3 + 7*s**2 - 3*s + 9. Give w(7).
-12
Let m(u) = 2*u**3 + 5*u**2 + 4*u - 2. Determine m(-2).
-6
Let s(u) = u**2 - 34. Give s(0).
-34
Let k(b) = b**3 - 25*b. Calculate k(-5).
0
Let k(x) = -x**3 - 4*x**2 + 7*x + 6. What is k(-6)?
36
Let u(m) = -2*m**2 - 10*m + 7. What is u(-5)?
7
Let n(p) = -11*p + 59. Give n(6).
-7
Let y(t) = -151*t - 1496. Determine y(-10).
14
Let w(q) = -23*q + 26. Calculate w(-4).
118
Let v(j) = j + 1. What is v(5)?
6
Let i(q) = 4*q - 24. Calculate i(7).
4
Let k(v) = -v**2 - 23*v - 55. What is k(-20)?
5
Let q(w) = w**2 + 62*w + 528. What is q(-10)?
8
Let z(m) = -43*m + 1. What is z(-1)?
44
Let q(v) = -2*v**2 + 30*v + 25. Calculate q(16).
-7
Let l(v) = -v**2 - 6*v + 2. Give l(-6).
2
Let c(s) = -4*s - 17. Give c(-8).
15
Let g(s) = 5*s**3 + s**2 + s + 1. Calculate g(-1).
-4
Let f(v) = 2*v**2 - 60*v + 60. Give f(27).
-102
Let p(o) = 6*o + 9. What is p(-6)?
-27
Let x(u) = -2*u + 8. Calculate x(-2).
12
Let b(y) = -2*y**3 - 27*y**2 - 16*y + 4. Calculate b(-13).
43
Let a(o) = 2*o**2 + 3*o + 12. Calculate a(-3).
21
Let g(u) = 16*u + 44. Calculate g(-3).
-4
Let c(y) = -y**3 - 5*y**2 + 14*y + 65. Determine c(-4).
-7
Let y(m) = -2*m**3 - 15*m**2 - 7*m - 4. What is y(-7)?
-4
Let b(x) = -2*x + 6. Give b(15).
-24
Let k(d) = -2*d**2 + 26*d - 9. Give k(13).
-9
Let r(p) = -p**3 + 8*p**2 + 8*p + 17. Give r(9).
8
Let j(p) = -p**3 + p**2 